{"id":673,"date":"2024-10-09T14:02:05","date_gmt":"2024-10-09T14:02:05","guid":{"rendered":"https:\/\/www.tepedesign.cz\/?page_id=673"},"modified":"2025-11-24T16:34:40","modified_gmt":"2025-11-24T16:34:40","slug":"desirial","status":"publish","type":"page","link":"https:\/\/www.znojmo-prenatal.cz\/index.php\/desirial\/","title":{"rendered":"Omlazen\u00ed intimn\u00edch parti\u00ed (Desirial)"},"content":{"rendered":"\t\t<div data-elementor-type=\"wp-page\" data-elementor-id=\"673\" class=\"elementor elementor-673\">\n\t\t\t\t<div class=\"elementor-element elementor-element-54a7322 e-flex e-con-boxed e-con e-parent\" data-id=\"54a7322\" data-element_type=\"container\" data-e-type=\"container\">\n\t\t\t\t\t<div class=\"e-con-inner\">\n\t\t\t\t<div class=\"elementor-element elementor-element-a3afb28 elementor-widget elementor-widget-spacer\" data-id=\"a3afb28\" data-element_type=\"widget\" data-e-type=\"widget\" data-widget_type=\"spacer.default\">\n\t\t\t\t<div class=\"elementor-widget-container\">\n\t\t\t\t\t\t\t<div class=\"elementor-spacer\">\n\t\t\t<div class=\"elementor-spacer-inner\"><\/div>\n\t\t<\/div>\n\t\t\t\t\t\t<\/div>\n\t\t\t\t<\/div>\n\t\t\t\t<div class=\"elementor-element elementor-element-9d439ed elementor-widget elementor-widget-spacer\" data-id=\"9d439ed\" data-element_type=\"widget\" data-e-type=\"widget\" data-widget_type=\"spacer.default\">\n\t\t\t\t<div class=\"elementor-widget-container\">\n\t\t\t\t\t\t\t<div class=\"elementor-spacer\">\n\t\t\t<div class=\"elementor-spacer-inner\"><\/div>\n\t\t<\/div>\n\t\t\t\t\t\t<\/div>\n\t\t\t\t<\/div>\n\t\t\t\t<div class=\"elementor-element elementor-element-8f0adb6 elementor-widget elementor-widget-spacer\" data-id=\"8f0adb6\" data-element_type=\"widget\" data-e-type=\"widget\" data-widget_type=\"spacer.default\">\n\t\t\t\t<div class=\"elementor-widget-container\">\n\t\t\t\t\t\t\t<div class=\"elementor-spacer\">\n\t\t\t<div class=\"elementor-spacer-inner\"><\/div>\n\t\t<\/div>\n\t\t\t\t\t\t<\/div>\n\t\t\t\t<\/div>\n\t\t\t\t<div class=\"elementor-element elementor-element-2174766 elementor-widget elementor-widget-heading\" data-id=\"2174766\" data-element_type=\"widget\" data-e-type=\"widget\" data-widget_type=\"heading.default\">\n\t\t\t\t<div class=\"elementor-widget-container\">\n\t\t\t\t\t<h2 class=\"elementor-heading-title elementor-size-default\">Omlazen\u00ed intimn\u00edch parti\u00ed (Desirial)<\/h2>\t\t\t\t<\/div>\n\t\t\t\t<\/div>\n\t\t\t\t<div class=\"elementor-element elementor-element-debbeae elementor-widget-divider--view-line elementor-widget elementor-widget-divider\" data-id=\"debbeae\" data-element_type=\"widget\" data-e-type=\"widget\" data-widget_type=\"divider.default\">\n\t\t\t\t<div class=\"elementor-widget-container\">\n\t\t\t\t\t\t\t<div class=\"elementor-divider\">\n\t\t\t<span class=\"elementor-divider-separator\">\n\t\t\t\t\t\t<\/span>\n\t\t<\/div>\n\t\t\t\t\t\t<\/div>\n\t\t\t\t<\/div>\n\t\t\t\t<div class=\"elementor-element elementor-element-0d4c61e elementor-widget elementor-widget-spacer\" data-id=\"0d4c61e\" data-element_type=\"widget\" data-e-type=\"widget\" data-widget_type=\"spacer.default\">\n\t\t\t\t<div class=\"elementor-widget-container\">\n\t\t\t\t\t\t\t<div class=\"elementor-spacer\">\n\t\t\t<div class=\"elementor-spacer-inner\"><\/div>\n\t\t<\/div>\n\t\t\t\t\t\t<\/div>\n\t\t\t\t<\/div>\n\t\t\t\t\t<\/div>\n\t\t\t\t<\/div>\n\t\t<div class=\"elementor-element elementor-element-4f28e7d e-flex e-con-boxed e-con e-parent\" data-id=\"4f28e7d\" data-element_type=\"container\" data-e-type=\"container\">\n\t\t\t\t\t<div class=\"e-con-inner\">\n\t\t\t\t<div class=\"elementor-element elementor-element-1a0d593 elementor-widget elementor-widget-image\" data-id=\"1a0d593\" data-element_type=\"widget\" data-e-type=\"widget\" data-widget_type=\"image.default\">\n\t\t\t\t<div class=\"elementor-widget-container\">\n\t\t\t\t\t\t\t\t\t\t\t\t\t\t\t<img fetchpriority=\"high\" decoding=\"async\" width=\"300\" height=\"212\" src=\"https:\/\/www.znojmo-prenatal.cz\/wp-content\/uploads\/2024\/10\/LOGO-DESIRIAL-2-300x212.png\" class=\"attachment-medium size-medium wp-image-681\" alt=\"\" srcset=\"https:\/\/www.znojmo-prenatal.cz\/wp-content\/uploads\/2024\/10\/LOGO-DESIRIAL-2-300x212.png 300w, https:\/\/www.znojmo-prenatal.cz\/wp-content\/uploads\/2024\/10\/LOGO-DESIRIAL-2-1024x723.png 1024w, https:\/\/www.znojmo-prenatal.cz\/wp-content\/uploads\/2024\/10\/LOGO-DESIRIAL-2-768x543.png 768w, https:\/\/www.znojmo-prenatal.cz\/wp-content\/uploads\/2024\/10\/LOGO-DESIRIAL-2.png 1400w\" sizes=\"(max-width: 300px) 100vw, 300px\" \/>\t\t\t\t\t\t\t\t\t\t\t\t\t\t\t<\/div>\n\t\t\t\t<\/div>\n\t\t\t\t\t<\/div>\n\t\t\t\t<\/div>\n\t\t<div class=\"elementor-element elementor-element-c170cb7 e-flex e-con-boxed e-con e-parent\" data-id=\"c170cb7\" data-element_type=\"container\" data-e-type=\"container\">\n\t\t\t\t\t<div class=\"e-con-inner\">\n\t\t\t\t<div class=\"elementor-element elementor-element-0c97fbd elementor-widget elementor-widget-heading\" data-id=\"0c97fbd\" data-element_type=\"widget\" data-e-type=\"widget\" data-widget_type=\"heading.default\">\n\t\t\t\t<div class=\"elementor-widget-container\">\n\t\t\t\t\t<h2 class=\"elementor-heading-title elementor-size-default\">Tr\u00e1p\u00ed V\u00e1s?<\/h2>\t\t\t\t<\/div>\n\t\t\t\t<\/div>\n\t\t\t\t\t<\/div>\n\t\t\t\t<\/div>\n\t\t<div class=\"elementor-element elementor-element-842a788 e-flex e-con-boxed e-con e-parent\" data-id=\"842a788\" data-element_type=\"container\" data-e-type=\"container\">\n\t\t\t\t\t<div class=\"e-con-inner\">\n\t\t\t\t<div class=\"elementor-element elementor-element-4ccae80 elementor-widget elementor-widget-spacer\" data-id=\"4ccae80\" data-element_type=\"widget\" data-e-type=\"widget\" data-widget_type=\"spacer.default\">\n\t\t\t\t<div class=\"elementor-widget-container\">\n\t\t\t\t\t\t\t<div class=\"elementor-spacer\">\n\t\t\t<div class=\"elementor-spacer-inner\"><\/div>\n\t\t<\/div>\n\t\t\t\t\t\t<\/div>\n\t\t\t\t<\/div>\n\t\t\t\t\t<\/div>\n\t\t\t\t<\/div>\n\t\t<div class=\"elementor-element elementor-element-809b4e8 e-flex e-con-boxed e-con e-parent\" data-id=\"809b4e8\" data-element_type=\"container\" data-e-type=\"container\">\n\t\t\t\t\t<div class=\"e-con-inner\">\n\t\t\t\t<div class=\"elementor-element elementor-element-8583031 elementor-widget elementor-widget-text-editor\" data-id=\"8583031\" data-element_type=\"widget\" data-e-type=\"widget\" data-widget_type=\"text-editor.default\">\n\t\t\t\t<div class=\"elementor-widget-container\">\n\t\t\t\t\t\t\t\t\t<p style=\"text-align: center;\"><span style=\"color: #000000;\"><em>such\u00e1 sliznice intimn\u00edch parti\u00ed<\/em><\/span><\/p><p style=\"text-align: center;\"><span style=\"color: #000000;\"><em>vagin\u00e1ln\u00ed sv\u011bd\u011bn\u00ed nebo p\u00e1len\u00ed<\/em><\/span><\/p><p style=\"text-align: center;\"><span style=\"color: #000000;\"><em>chronick\u00e9 podr\u00e1\u017ed\u011bn\u00ed, \u010dast\u00e9 infekce<\/em><\/span><\/p><p style=\"text-align: center;\"><span style=\"color: #000000;\"><em>zhor\u0161en\u00e1 kvalita pohlavn\u00edho styku<\/em><\/span><\/p><p style=\"text-align: center;\"><span style=\"color: #000000;\"><em>vzhled intimn\u00edch parti\u00ed<\/em><\/span><\/p>\t\t\t\t\t\t\t\t<\/div>\n\t\t\t\t<\/div>\n\t\t\t\t\t<\/div>\n\t\t\t\t<\/div>\n\t\t<div class=\"elementor-element elementor-element-4e9f82f e-flex e-con-boxed e-con e-parent\" data-id=\"4e9f82f\" data-element_type=\"container\" data-e-type=\"container\">\n\t\t\t\t\t<div class=\"e-con-inner\">\n\t\t\t\t<div class=\"elementor-element elementor-element-3872160 elementor-widget elementor-widget-spacer\" data-id=\"3872160\" data-element_type=\"widget\" data-e-type=\"widget\" data-widget_type=\"spacer.default\">\n\t\t\t\t<div class=\"elementor-widget-container\">\n\t\t\t\t\t\t\t<div class=\"elementor-spacer\">\n\t\t\t<div class=\"elementor-spacer-inner\"><\/div>\n\t\t<\/div>\n\t\t\t\t\t\t<\/div>\n\t\t\t\t<\/div>\n\t\t\t\t\t<\/div>\n\t\t\t\t<\/div>\n\t\t<div class=\"elementor-element elementor-element-e974990 e-flex e-con-boxed e-con e-parent\" data-id=\"e974990\" data-element_type=\"container\" data-e-type=\"container\">\n\t\t\t\t\t<div class=\"e-con-inner\">\n\t\t\t\t<div class=\"elementor-element elementor-element-994b884 elementor-widget elementor-widget-text-editor\" data-id=\"994b884\" data-element_type=\"widget\" data-e-type=\"widget\" data-widget_type=\"text-editor.default\">\n\t\t\t\t<div class=\"elementor-widget-container\">\n\t\t\t\t\t\t\t\t\t<p class=\"has-black-color has-text-color has-background has-medium-font-size\"><strong>Desirial<\/strong>\u00a0je injek\u010dn\u00ed gel s kyselinou hyaluronovou, vyvinut\u00fd c\u00edlen\u011b pro zlep\u0161en\u00ed intimn\u00ed pohody \u017een. Kyselina hyaluronov\u00e1 se p\u0159irozen\u011b vyskytuje v lidsk\u00e9m organismu, proto na ni t\u011blo reaguje velmi pozitivn\u011b. Ta na sebe v\u00e1\u017ee vodu a udr\u017euje tk\u00e1n\u011b stabiln\u011b hydratovan\u00e9.<\/p><p class=\"has-black-color has-text-color has-background has-medium-font-size\">Metoda\u00a0<strong>DESIRIAL<\/strong>\u00a0ochr\u00e1n\u00ed p\u0159ed vagin\u00e1ln\u00ed infekc\u00ed, navr\u00e1t\u00ed pru\u017enost i hydrataci intimn\u00edm parti\u00edm a zlep\u0161\u00ed kvalitu pohlavn\u00edho styku, m\u016f\u017ee tak\u00e9 podporovat l\u00e9\u010dbu onemocn\u011bn\u00ed Lichen Sclerosus. Pr\u016fm\u011brn\u00e1 doba trv\u00e1n\u00ed \u00fa\u010dinku je mezi 6 a\u017e 9 m\u011bs\u00edci.<\/p><p class=\"has-black-color has-text-color has-background has-medium-font-size\">Metoda\u00a0<strong>DESIRIAL PLUS<\/strong>\u00a0navrac\u00ed va\u0161im intimn\u00edm parti\u00edm mladistv\u00fd vzhled, ztracen\u00fd objem, pru\u017enost a elasticitu. V\u00fdznamn\u011b zlep\u0161uje kvalitu pohlavn\u00edho styku. Pr\u016fm\u011brn\u00e1 doba trv\u00e1n\u00ed \u00fa\u010dinku je mezi 12 a\u017e 18 m\u011bs\u00edci.<\/p><p class=\"has-black-color has-text-color has-background has-medium-font-size\">Aplikace prob\u00edh\u00e1 v lok\u00e1ln\u00ed anestezii a jedn\u00e1 se o bezbolestn\u00fd z\u00e1krok, kter\u00fd netrv\u00e1 d\u00e9le ne\u017e 30 min. Po z\u00e1kroku se mohou objevit mod\u0159iny nebo otoky, kter\u00e9 b\u011bhem p\u00e1r dn\u00ed zmiz\u00ed. Po aplikaci se doporu\u010duje klidov\u00fd re\u017eim po dobu 5 dn\u016f, tj. vyhnout se intimn\u00edmu styku a aktivit\u00e1m, kter\u00e9 zp\u016fsobuj\u00ed tlak (j\u00edzda na kole, na koni, apod.).<\/p><p class=\"has-black-color has-text-color has-background has-medium-font-size\">Pr\u016fm\u011brn\u00e1 doba trv\u00e1n\u00ed \u00fa\u010dinku z\u00e1vis\u00ed zejm\u00e9na na charakteristice o\u0161et\u0159ovan\u00e9 oblasti, aplikovan\u00e9m mno\u017estv\u00ed a tak\u00e9 na \u017eivotn\u00edm stylu.<\/p><p class=\"has-black-color has-text-color has-background has-medium-font-size\">Pro bli\u017e\u0161\u00ed informace se objednejte na konzultaci k MUDr. Lence Fendrichov\u00e9, tel. 722 984 959, objednani@znojmo-cop.cz.<\/p>\t\t\t\t\t\t\t\t<\/div>\n\t\t\t\t<\/div>\n\t\t\t\t\t<\/div>\n\t\t\t\t<\/div>\n\t\t<div class=\"elementor-element elementor-element-644c410 e-flex e-con-boxed e-con e-parent\" data-id=\"644c410\" data-element_type=\"container\" data-e-type=\"container\">\n\t\t\t\t\t<div class=\"e-con-inner\">\n\t\t\t\t<div class=\"elementor-element elementor-element-8e94839 elementor-widget elementor-widget-text-editor\" data-id=\"8e94839\" data-element_type=\"widget\" data-e-type=\"widget\" data-widget_type=\"text-editor.default\">\n\t\t\t\t<div class=\"elementor-widget-container\">\n\t\t\t\t\t\t\t\t\t<h3 class=\"has-text-align-center has-medium-font-size\" style=\"text-align: center;\"><strong>\u00a0<\/strong><\/h3><h2 style=\"text-align: center;\"><strong><em>Cena konzultace \u2013 200<\/em>\u00a0K\u010d<\/strong><\/h2><h3 class=\"has-text-align-center has-medium-font-size\" style=\"text-align: center;\"><strong>P\u0159i rozhodnut\u00ed pro aplikaci je konzultace ZDARMA<\/strong><\/h3>\t\t\t\t\t\t\t\t<\/div>\n\t\t\t\t<\/div>\n\t\t\t\t\t<\/div>\n\t\t\t\t<\/div>\n\t\t<div class=\"elementor-element elementor-element-f1ffc99 e-flex e-con-boxed e-con e-parent\" data-id=\"f1ffc99\" data-element_type=\"container\" data-e-type=\"container\">\n\t\t\t\t\t<div class=\"e-con-inner\">\n\t\t\t\t<div class=\"elementor-element elementor-element-cd97511 elementor-widget elementor-widget-text-editor\" data-id=\"cd97511\" data-element_type=\"widget\" data-e-type=\"widget\" data-widget_type=\"text-editor.default\">\n\t\t\t\t<div class=\"elementor-widget-container\">\n\t\t\t\t\t\t\t\t\t<p class=\"has-text-align-center has-black-color has-text-color has-normal-font-size\" style=\"text-align: center;\"><strong><em>Cena aplikace kyseliny hyaluronov\u00e9<\/em><\/strong><\/p><p class=\"has-text-align-center has-black-color has-text-color has-normal-font-size\" style=\"text-align: center;\"><em>Desirial \u2013 7 500 K\u010d<\/em><\/p><p class=\"has-text-align-center has-black-color has-text-color\" style=\"text-align: center;\"><em>Desirial plus \u2013 15 000 K\u010d (2 ml)<\/em><\/p><p class=\"has-text-align-center has-black-color has-text-color\" style=\"text-align: center;\"><em>Desirial plus \u2013 18 000 K\u010d (4ml)<\/em><\/p>\t\t\t\t\t\t\t\t<\/div>\n\t\t\t\t<\/div>\n\t\t\t\t\t<\/div>\n\t\t\t\t<\/div>\n\t\t<div class=\"elementor-element elementor-element-3813681 e-flex e-con-boxed e-con e-parent\" data-id=\"3813681\" data-element_type=\"container\" data-e-type=\"container\">\n\t\t\t\t\t<div class=\"e-con-inner\">\n\t\t\t\t<div class=\"elementor-element elementor-element-f72b6c2 elementor-widget elementor-widget-image\" data-id=\"f72b6c2\" data-element_type=\"widget\" data-e-type=\"widget\" data-widget_type=\"image.default\">\n\t\t\t\t<div class=\"elementor-widget-container\">\n\t\t\t\t\t\t\t\t\t\t\t\t\t\t\t<img decoding=\"async\" width=\"768\" height=\"558\" src=\"https:\/\/www.znojmo-prenatal.cz\/wp-content\/uploads\/2024\/10\/Certifikat-Desirial-1-768x558.jpg\" class=\"attachment-medium_large size-medium_large wp-image-676\" alt=\"\" srcset=\"https:\/\/www.znojmo-prenatal.cz\/wp-content\/uploads\/2024\/10\/Certifikat-Desirial-1-768x558.jpg 768w, https:\/\/www.znojmo-prenatal.cz\/wp-content\/uploads\/2024\/10\/Certifikat-Desirial-1-300x218.jpg 300w, https:\/\/www.znojmo-prenatal.cz\/wp-content\/uploads\/2024\/10\/Certifikat-Desirial-1-1024x745.jpg 1024w, https:\/\/www.znojmo-prenatal.cz\/wp-content\/uploads\/2024\/10\/Certifikat-Desirial-1-1536x1117.jpg 1536w, https:\/\/www.znojmo-prenatal.cz\/wp-content\/uploads\/2024\/10\/Certifikat-Desirial-1-2048x1489.jpg 2048w, https:\/\/www.znojmo-prenatal.cz\/wp-content\/uploads\/2024\/10\/elementor\/thumbs\/Certifikat-Desirial-1-rotated-qvb3mf344dwqnnsvqyksb1g9m61th38fg7c2nk45k0.jpg 550w\" sizes=\"(max-width: 768px) 100vw, 768px\" \/>\t\t\t\t\t\t\t\t\t\t\t\t\t\t\t<\/div>\n\t\t\t\t<\/div>\n\t\t\t\t\t<\/div>\n\t\t\t\t<\/div>\n\t\t\t\t<\/div>\n\t\t","protected":false},"excerpt":{"rendered":"<p>Omlazen\u00ed intimn\u00edch parti\u00ed (Desirial) Tr\u00e1p\u00ed V\u00e1s? such\u00e1 sliznice intimn\u00edch parti\u00ed vagin\u00e1ln\u00ed sv\u011bd\u011bn\u00ed nebo p\u00e1len\u00ed chronick\u00e9 podr\u00e1\u017ed\u011bn\u00ed, \u010dast\u00e9 infekce zhor\u0161en\u00e1 kvalita [&hellip;]<\/p>\n","protected":false},"author":4,"featured_media":0,"parent":0,"menu_order":0,"comment_status":"closed","ping_status":"closed","template":"","meta":{"site-sidebar-layout":"no-sidebar","site-content-layout":"","ast-site-content-layout":"full-width-container","site-content-style":"default","site-sidebar-style":"default","ast-global-header-display":"","ast-banner-title-visibility":"","ast-main-header-display":"","ast-hfb-above-header-display":"","ast-hfb-below-header-display":"","ast-hfb-mobile-header-display":"","site-post-title":"disabled","ast-breadcrumbs-content":"","ast-featured-img":"disabled","footer-sml-layout":"","theme-transparent-header-meta":"","adv-header-id-meta":"","stick-header-meta":"","header-above-stick-meta":"","header-main-stick-meta":"","header-below-stick-meta":"","astra-migrate-meta-layouts":"default","ast-page-background-enabled":"default","ast-page-background-meta":{"desktop":{"background-color":"var(--ast-global-color-4)","background-image":"","background-repeat":"repeat","background-position":"center center","background-size":"auto","background-attachment":"scroll","background-type":"","background-media":"","overlay-type":"","overlay-color":"","overlay-opacity":"","overlay-gradient":""},"tablet":{"background-color":"","background-image":"","background-repeat":"repeat","background-position":"center center","background-size":"auto","background-attachment":"scroll","background-type":"","background-media":"","overlay-type":"","overlay-color":"","overlay-opacity":"","overlay-gradient":""},"mobile":{"background-color":"","background-image":"","background-repeat":"repeat","background-position":"center center","background-size":"auto","background-attachment":"scroll","background-type":"","background-media":"","overlay-type":"","overlay-color":"","overlay-opacity":"","overlay-gradient":""}},"ast-content-background-meta":{"desktop":{"background-color":"var(--ast-global-color-5)","background-image":"","background-repeat":"repeat","background-position":"center center","background-size":"auto","background-attachment":"scroll","background-type":"","background-media":"","overlay-type":"","overlay-color":"","overlay-opacity":"","overlay-gradient":""},"tablet":{"background-color":"var(--ast-global-color-5)","background-image":"","background-repeat":"repeat","background-position":"center center","background-size":"auto","background-attachment":"scroll","background-type":"","background-media":"","overlay-type":"","overlay-color":"","overlay-opacity":"","overlay-gradient":""},"mobile":{"background-color":"var(--ast-global-color-5)","background-image":"","background-repeat":"repeat","background-position":"center center","background-size":"auto","background-attachment":"scroll","background-type":"","background-media":"","overlay-type":"","overlay-color":"","overlay-opacity":"","overlay-gradient":""}},"footnotes":""},"class_list":["post-673","page","type-page","status-publish","hentry"],"_links":{"self":[{"href":"https:\/\/www.znojmo-prenatal.cz\/index.php\/wp-json\/wp\/v2\/pages\/673","targetHints":{"allow":["GET"]}}],"collection":[{"href":"https:\/\/www.znojmo-prenatal.cz\/index.php\/wp-json\/wp\/v2\/pages"}],"about":[{"href":"https:\/\/www.znojmo-prenatal.cz\/index.php\/wp-json\/wp\/v2\/types\/page"}],"author":[{"embeddable":true,"href":"https:\/\/www.znojmo-prenatal.cz\/index.php\/wp-json\/wp\/v2\/users\/4"}],"replies":[{"embeddable":true,"href":"https:\/\/www.znojmo-prenatal.cz\/index.php\/wp-json\/wp\/v2\/comments?post=673"}],"version-history":[{"count":19,"href":"https:\/\/www.znojmo-prenatal.cz\/index.php\/wp-json\/wp\/v2\/pages\/673\/revisions"}],"predecessor-version":[{"id":2618,"href":"https:\/\/www.znojmo-prenatal.cz\/index.php\/wp-json\/wp\/v2\/pages\/673\/revisions\/2618"}],"wp:attachment":[{"href":"https:\/\/www.znojmo-prenatal.cz\/index.php\/wp-json\/wp\/v2\/media?parent=673"}],"curies":[{"name":"wp","href":"https:\/\/api.w.org\/{rel}","templated":true}]}}