{"id":1221,"date":"2024-10-17T10:18:16","date_gmt":"2024-10-17T10:18:16","guid":{"rendered":"https:\/\/www.tepedesign.cz\/?page_id=1221"},"modified":"2025-03-26T19:19:28","modified_gmt":"2025-03-26T19:19:28","slug":"chocholackova","status":"publish","type":"page","link":"https:\/\/www.znojmo-prenatal.cz\/index.php\/chocholackova\/","title":{"rendered":"chocholackova"},"content":{"rendered":"\t\t<div data-elementor-type=\"wp-page\" data-elementor-id=\"1221\" class=\"elementor elementor-1221\">\n\t\t\t\t<div class=\"elementor-element elementor-element-f6cfb73 e-flex e-con-boxed e-con e-parent\" data-id=\"f6cfb73\" data-element_type=\"container\" data-e-type=\"container\">\n\t\t\t\t\t<div class=\"e-con-inner\">\n\t\t\t\t<div class=\"elementor-element elementor-element-efcb2d7 elementor-widget elementor-widget-spacer\" data-id=\"efcb2d7\" data-element_type=\"widget\" data-e-type=\"widget\" data-widget_type=\"spacer.default\">\n\t\t\t\t<div class=\"elementor-widget-container\">\n\t\t\t\t\t\t\t<div class=\"elementor-spacer\">\n\t\t\t<div class=\"elementor-spacer-inner\"><\/div>\n\t\t<\/div>\n\t\t\t\t\t\t<\/div>\n\t\t\t\t<\/div>\n\t\t\t\t<div class=\"elementor-element elementor-element-d910d58 elementor-widget elementor-widget-spacer\" data-id=\"d910d58\" data-element_type=\"widget\" data-e-type=\"widget\" data-widget_type=\"spacer.default\">\n\t\t\t\t<div class=\"elementor-widget-container\">\n\t\t\t\t\t\t\t<div class=\"elementor-spacer\">\n\t\t\t<div class=\"elementor-spacer-inner\"><\/div>\n\t\t<\/div>\n\t\t\t\t\t\t<\/div>\n\t\t\t\t<\/div>\n\t\t\t\t<div class=\"elementor-element elementor-element-607692a elementor-widget elementor-widget-spacer\" data-id=\"607692a\" data-element_type=\"widget\" data-e-type=\"widget\" data-widget_type=\"spacer.default\">\n\t\t\t\t<div class=\"elementor-widget-container\">\n\t\t\t\t\t\t\t<div class=\"elementor-spacer\">\n\t\t\t<div class=\"elementor-spacer-inner\"><\/div>\n\t\t<\/div>\n\t\t\t\t\t\t<\/div>\n\t\t\t\t<\/div>\n\t\t\t\t<div class=\"elementor-element elementor-element-a66eda3 elementor-widget-mobile__width-initial elementor-widget elementor-widget-heading\" data-id=\"a66eda3\" data-element_type=\"widget\" data-e-type=\"widget\" data-widget_type=\"heading.default\">\n\t\t\t\t<div class=\"elementor-widget-container\">\n\t\t\t\t\t<h2 class=\"elementor-heading-title elementor-size-default\">MUDr. Dagmar Chochol\u00e1\u010dkov\u00e1<\/h2>\t\t\t\t<\/div>\n\t\t\t\t<\/div>\n\t\t\t\t<div class=\"elementor-element elementor-element-39baadf elementor-widget-divider--view-line elementor-widget elementor-widget-divider\" data-id=\"39baadf\" data-element_type=\"widget\" data-e-type=\"widget\" data-widget_type=\"divider.default\">\n\t\t\t\t<div class=\"elementor-widget-container\">\n\t\t\t\t\t\t\t<div class=\"elementor-divider\">\n\t\t\t<span class=\"elementor-divider-separator\">\n\t\t\t\t\t\t<\/span>\n\t\t<\/div>\n\t\t\t\t\t\t<\/div>\n\t\t\t\t<\/div>\n\t\t\t\t<div class=\"elementor-element elementor-element-0e8c632 elementor-widget elementor-widget-spacer\" data-id=\"0e8c632\" data-element_type=\"widget\" data-e-type=\"widget\" data-widget_type=\"spacer.default\">\n\t\t\t\t<div class=\"elementor-widget-container\">\n\t\t\t\t\t\t\t<div class=\"elementor-spacer\">\n\t\t\t<div class=\"elementor-spacer-inner\"><\/div>\n\t\t<\/div>\n\t\t\t\t\t\t<\/div>\n\t\t\t\t<\/div>\n\t\t<div class=\"elementor-element elementor-element-fc64b28 e-con-full e-flex e-con e-child\" data-id=\"fc64b28\" data-element_type=\"container\" data-e-type=\"container\">\n\t\t\t\t<div class=\"elementor-element elementor-element-18b624f elementor-widget__width-initial elementor-widget elementor-widget-image\" data-id=\"18b624f\" data-element_type=\"widget\" data-e-type=\"widget\" data-widget_type=\"image.default\">\n\t\t\t\t<div class=\"elementor-widget-container\">\n\t\t\t\t\t\t\t\t\t\t\t\t\t\t\t<img fetchpriority=\"high\" decoding=\"async\" width=\"295\" height=\"305\" src=\"https:\/\/www.znojmo-prenatal.cz\/wp-content\/uploads\/2024\/12\/chocho-1.png\" class=\"attachment-large size-large wp-image-2178\" alt=\"\" srcset=\"https:\/\/www.znojmo-prenatal.cz\/wp-content\/uploads\/2024\/12\/chocho-1.png 295w, https:\/\/www.znojmo-prenatal.cz\/wp-content\/uploads\/2024\/12\/chocho-1-290x300.png 290w\" sizes=\"(max-width: 295px) 100vw, 295px\" \/>\t\t\t\t\t\t\t\t\t\t\t\t\t\t\t<\/div>\n\t\t\t\t<\/div>\n\t\t\t\t<\/div>\n\t\t\t\t<div class=\"elementor-element elementor-element-a708952 elementor-widget elementor-widget-text-editor\" data-id=\"a708952\" data-element_type=\"widget\" data-e-type=\"widget\" data-widget_type=\"text-editor.default\">\n\t\t\t\t<div class=\"elementor-widget-container\">\n\t\t\t\t\t\t\t\t\t<h2 style=\"text-align: center;\">MUDr. Dagmar Chochol\u00e1\u010dkov\u00e1 \u2013 vedouc\u00ed l\u00e9ka\u0159ka \u2013\u00a0<a href=\"https:\/\/www.znojmo-prenatal.cz\/index.php\/i-t\/\">Ambulance onkologick\u00e9 prevence<\/a><\/h2>\t\t\t\t\t\t\t\t<\/div>\n\t\t\t\t<\/div>\n\t\t\t\t\t<\/div>\n\t\t\t\t<\/div>\n\t\t<div class=\"elementor-element elementor-element-5b57960 e-flex e-con-boxed e-con e-parent\" data-id=\"5b57960\" data-element_type=\"container\" data-e-type=\"container\">\n\t\t\t\t\t<div class=\"e-con-inner\">\n\t\t\t\t<div class=\"elementor-element elementor-element-91524ac elementor-widget__width-initial elementor-widget elementor-widget-image\" data-id=\"91524ac\" data-element_type=\"widget\" data-e-type=\"widget\" data-widget_type=\"image.default\">\n\t\t\t\t<div class=\"elementor-widget-container\">\n\t\t\t\t\t\t\t\t\t\t\t\t\t\t\t<img decoding=\"async\" src=\"https:\/\/www.znojmo-prenatal.cz\/wp-content\/uploads\/2022\/07\/image-9-277x300.png\" title=\"\" alt=\"\" loading=\"lazy\" \/>\t\t\t\t\t\t\t\t\t\t\t\t\t\t\t<\/div>\n\t\t\t\t<\/div>\n\t\t\t\t\t<\/div>\n\t\t\t\t<\/div>\n\t\t<div class=\"elementor-element elementor-element-b74af39 e-grid e-con-boxed e-con e-parent\" data-id=\"b74af39\" data-element_type=\"container\" data-e-type=\"container\">\n\t\t\t\t\t<div class=\"e-con-inner\">\n\t\t\t\t<div class=\"elementor-element elementor-element-9e7d17d elementor-widget elementor-widget-text-editor\" data-id=\"9e7d17d\" data-element_type=\"widget\" data-e-type=\"widget\" data-widget_type=\"text-editor.default\">\n\t\t\t\t<div class=\"elementor-widget-container\">\n\t\t\t\t\t\t\t\t\t<h3 style=\"text-align: center;\"><strong>ODBORN\u00c1 PRAXE<\/strong><\/h3><ul><li><span style=\"color: #000000;\">2015 \u2013 dosud\u00a0Priv\u00e1tn\u00ed praxe GYNEVA s.r.o., Brno<\/span><\/li><li><span style=\"color: #000000;\">2012 \u2013 dosud\u00a0Gynekologicko \u2013 porodnick\u00e9 odd\u011blen\u00ed, nemocnice Znojmo \u2013 Ambulance pro cervik\u00e1ln\u00ed patologie, nemocnice Znojmo.<\/span><\/li><li><span style=\"color: #000000;\">2009 \u2013 dosud\u00a0Pr\u00e1ce v priv\u00e1tn\u00ed ambulanci (Eurogyn) dr. Huvarov\u00e9, Brno<\/span><\/li><li><span style=\"color: #000000;\">2009 \u2013 2014\u00a0Pr\u00e1ce v priv\u00e1tn\u00ed ambulanci (Brogyn s.r.o.) dr. B\u0159ou\u0161kov\u00e9, Blansko<\/span><\/li><li><span style=\"color: #000000;\">2004\u00a0\u2013\u00a0Sanatorium Helios, Brno<\/span><\/li><li><span style=\"color: #000000;\">2001 \u2013 2006\u00a0Gynekologicko \u2013 porodnick\u00e9 odd\u011blen\u00ed, nemocnice Znojmo<\/span><\/li><li><span style=\"color: #000000;\">1999 \u2013 2001\u00a0Gynekologicko \u2013 porodnick\u00e1 klinika FN, Brno Bohunice<\/span><\/li><\/ul>\t\t\t\t\t\t\t\t<\/div>\n\t\t\t\t<\/div>\n\t\t\t\t<div class=\"elementor-element elementor-element-dfb8437 elementor-widget elementor-widget-text-editor\" data-id=\"dfb8437\" data-element_type=\"widget\" data-e-type=\"widget\" data-widget_type=\"text-editor.default\">\n\t\t\t\t<div class=\"elementor-widget-container\">\n\t\t\t\t\t\t\t\t\t<h3 style=\"text-align: center;\"><strong>\u010cLENSTV\u00cd<\/strong><\/h3><ul><li><span style=\"color: #000000;\">The British Society for Colposcopy and Cervical Pathology<\/span><\/li><li><span style=\"color: #000000;\">\u010cesk\u00e1 l\u00e9ka\u0159sk\u00e1 komora<\/span><\/li><li><span style=\"color: #000000;\">General medical council<\/span><\/li><li><span style=\"color: #000000;\">Sekce kolposkopie a cervik\u00e1ln\u00ed patologie \u010cGPS<\/span><\/li><li><span style=\"color: #000000;\">Sekce pro endometri\u00f3zu \u010cGPS<\/span><\/li><\/ul>\t\t\t\t\t\t\t\t<\/div>\n\t\t\t\t<\/div>\n\t\t\t\t<div class=\"elementor-element elementor-element-64b28c7 elementor-widget elementor-widget-text-editor\" data-id=\"64b28c7\" data-element_type=\"widget\" data-e-type=\"widget\" data-widget_type=\"text-editor.default\">\n\t\t\t\t<div class=\"elementor-widget-container\">\n\t\t\t\t\t\t\t\t\t<h3 style=\"text-align: center;\">VZD\u011aL\u00c1N\u00cd<\/h3><ul><li><span style=\"color: #000000;\">2016\u00a0\u2013\u00a0Nositel funk\u010dn\u00ed licence F017 \u2013 Expertn\u00ed kolposkopie<\/span><\/li><li><span style=\"color: #000000;\">2006\u00a0\u2013 Specializa\u010dn\u00ed atestace z Gynekologie a porodnictv\u00ed \u2013 Evropsk\u00e1 (d\u0159\u00edve atestace II.stupn\u011b)<\/span><\/li><li><span style=\"color: #000000;\">2002\u00a0\u2013 Specializa\u010dn\u00ed atestace I.stupn\u011b z Gynekologie a porodnictv\u00ed<\/span><\/li><li><span style=\"color: #000000;\">1993 \u2013 1999\u00a0\u2013\u00a0L\u00e9ka\u0159sk\u00e1 Fakulta Masarykovy Univerzity, Brno<\/span><\/li><li><span style=\"color: #000000;\">1989 \u2013 1993\u00a0\u2013 Gymn\u00e1zium v \u010cesk\u00e9 ulici, \u010cesk\u00e9 Bud\u011bjovice<\/span><\/li><\/ul>\t\t\t\t\t\t\t\t<\/div>\n\t\t\t\t<\/div>\n\t\t\t\t\t<\/div>\n\t\t\t\t<\/div>\n\t\t<div class=\"elementor-element elementor-element-f95f6ae e-flex e-con-boxed e-con e-parent\" data-id=\"f95f6ae\" data-element_type=\"container\" data-e-type=\"container\">\n\t\t\t\t\t<div class=\"e-con-inner\">\n\t\t\t\t<div class=\"elementor-element elementor-element-d5b8f91 elementor-widget elementor-widget-text-editor\" data-id=\"d5b8f91\" data-element_type=\"widget\" data-e-type=\"widget\" data-widget_type=\"text-editor.default\">\n\t\t\t\t<div class=\"elementor-widget-container\">\n\t\t\t\t\t\t\t\t\t<h3 style=\"text-align: center;\"><strong>ZAHRANI\u010cN\u00cd PRAXE \/ HUMANIT\u00c1RN\u00cd \u010cINNOST<\/strong><\/h3><ul><li><span style=\"color: #000000;\">Listopad 2019 \u2013\u00a0Advanced colposcopy course BSCCP, Birmingham<\/span><\/li><\/ul><ul><li><span style=\"color: #000000;\">B\u0159ezen 2019 \u2013\u00a0Birmingham Women\u00b4s Hospital \u2013 st\u00e1\u017e<\/span><\/li><li><span style=\"color: #000000;\">2007 \u2013 2014\u00a0\u2013 Spoluzakladatelka Emergency Medical Unit \u2013 \u010clov\u011bk v t\u00edsni \u2013 organizace v\u00fdjezd\u016f zdravotnick\u00fdch t\u00fdm\u016f do posti\u017een\u00fdch oblast\u00ed<\/span><\/li><li><span style=\"color: #000000;\">2007\u00a0\u2013\u00a0Gynekologicko \u2013 porodnick\u00e9 odd\u011blen\u00ed Princess Royal Hospital Haywards Heath, Brighton and Sussex University Hospitals, Velk\u00e9 Brit\u00e1nie<\/span><\/li><li><span style=\"color: #000000;\">2006 \u2013 2017\u00a0\u2013\u00a0NES Healthcare \u2013 pr\u00e1ce na poopera\u010dn\u00edm odd\u011blen\u00ed soukrom\u00fdch nemocnic, Velk\u00e1 Brit\u00e1nie<\/span><\/li><li><span style=\"color: #000000;\">2005\u00a0\u2013\u00a0\u010clov\u011bk v t\u00edsni &amp; American Refugee Committee \u2013 pomoc lidem posti\u017een\u00fdm zem\u011bt\u0159esen\u00ed, P\u00e1kist\u00e1n<\/span><\/li><li><span style=\"color: #000000;\">2005\u00a0\u2013\u00a0Hand for Help \u2013 pomoc lidem posti\u017een\u00fdm tsunami, Sr\u00ed Lanka<\/span><\/li><li><span style=\"color: #000000;\">1999\u00a0\u2013 \u010clov\u011bk v t\u00edsni \u2013 pr\u00e1ce v uprchlick\u00fdch t\u00e1borech, Alb\u00e1nie a Kosovo<\/span><\/li><\/ul>\t\t\t\t\t\t\t\t<\/div>\n\t\t\t\t<\/div>\n\t\t\t\t\t<\/div>\n\t\t\t\t<\/div>\n\t\t\t\t<\/div>\n\t\t","protected":false},"excerpt":{"rendered":"<p>MUDr. Dagmar Chochol\u00e1\u010dkov\u00e1 MUDr. Dagmar Chochol\u00e1\u010dkov\u00e1 \u2013 vedouc\u00ed l\u00e9ka\u0159ka \u2013\u00a0Ambulance onkologick\u00e9 prevence ODBORN\u00c1 PRAXE 2015 \u2013 dosud\u00a0Priv\u00e1tn\u00ed praxe GYNEVA s.r.o., [&hellip;]<\/p>\n","protected":false},"author":4,"featured_media":0,"parent":0,"menu_order":0,"comment_status":"closed","ping_status":"closed","template":"","meta":{"site-sidebar-layout":"no-sidebar","site-content-layout":"","ast-site-content-layout":"full-width-container","site-content-style":"default","site-sidebar-style":"default","ast-global-header-display":"","ast-banner-title-visibility":"","ast-main-header-display":"","ast-hfb-above-header-display":"","ast-hfb-below-header-display":"","ast-hfb-mobile-header-display":"","site-post-title":"disabled","ast-breadcrumbs-content":"","ast-featured-img":"disabled","footer-sml-layout":"","theme-transparent-header-meta":"","adv-header-id-meta":"","stick-header-meta":"","header-above-stick-meta":"","header-main-stick-meta":"","header-below-stick-meta":"","astra-migrate-meta-layouts":"default","ast-page-background-enabled":"default","ast-page-background-meta":{"desktop":{"background-color":"var(--ast-global-color-4)","background-image":"","background-repeat":"repeat","background-position":"center center","background-size":"auto","background-attachment":"scroll","background-type":"","background-media":"","overlay-type":"","overlay-color":"","overlay-opacity":"","overlay-gradient":""},"tablet":{"background-color":"","background-image":"","background-repeat":"repeat","background-position":"center center","background-size":"auto","background-attachment":"scroll","background-type":"","background-media":"","overlay-type":"","overlay-color":"","overlay-opacity":"","overlay-gradient":""},"mobile":{"background-color":"","background-image":"","background-repeat":"repeat","background-position":"center center","background-size":"auto","background-attachment":"scroll","background-type":"","background-media":"","overlay-type":"","overlay-color":"","overlay-opacity":"","overlay-gradient":""}},"ast-content-background-meta":{"desktop":{"background-color":"var(--ast-global-color-5)","background-image":"","background-repeat":"repeat","background-position":"center center","background-size":"auto","background-attachment":"scroll","background-type":"","background-media":"","overlay-type":"","overlay-color":"","overlay-opacity":"","overlay-gradient":""},"tablet":{"background-color":"var(--ast-global-color-5)","background-image":"","background-repeat":"repeat","background-position":"center center","background-size":"auto","background-attachment":"scroll","background-type":"","background-media":"","overlay-type":"","overlay-color":"","overlay-opacity":"","overlay-gradient":""},"mobile":{"background-color":"var(--ast-global-color-5)","background-image":"","background-repeat":"repeat","background-position":"center center","background-size":"auto","background-attachment":"scroll","background-type":"","background-media":"","overlay-type":"","overlay-color":"","overlay-opacity":"","overlay-gradient":""}},"footnotes":""},"class_list":["post-1221","page","type-page","status-publish","hentry"],"_links":{"self":[{"href":"https:\/\/www.znojmo-prenatal.cz\/index.php\/wp-json\/wp\/v2\/pages\/1221","targetHints":{"allow":["GET"]}}],"collection":[{"href":"https:\/\/www.znojmo-prenatal.cz\/index.php\/wp-json\/wp\/v2\/pages"}],"about":[{"href":"https:\/\/www.znojmo-prenatal.cz\/index.php\/wp-json\/wp\/v2\/types\/page"}],"author":[{"embeddable":true,"href":"https:\/\/www.znojmo-prenatal.cz\/index.php\/wp-json\/wp\/v2\/users\/4"}],"replies":[{"embeddable":true,"href":"https:\/\/www.znojmo-prenatal.cz\/index.php\/wp-json\/wp\/v2\/comments?post=1221"}],"version-history":[{"count":16,"href":"https:\/\/www.znojmo-prenatal.cz\/index.php\/wp-json\/wp\/v2\/pages\/1221\/revisions"}],"predecessor-version":[{"id":2323,"href":"https:\/\/www.znojmo-prenatal.cz\/index.php\/wp-json\/wp\/v2\/pages\/1221\/revisions\/2323"}],"wp:attachment":[{"href":"https:\/\/www.znojmo-prenatal.cz\/index.php\/wp-json\/wp\/v2\/media?parent=1221"}],"curies":[{"name":"wp","href":"https:\/\/api.w.org\/{rel}","templated":true}]}}