{"id":1215,"date":"2024-10-17T10:13:53","date_gmt":"2024-10-17T10:13:53","guid":{"rendered":"https:\/\/www.tepedesign.cz\/?page_id=1215"},"modified":"2025-03-26T19:18:47","modified_gmt":"2025-03-26T19:18:47","slug":"kucerova","status":"publish","type":"page","link":"https:\/\/www.znojmo-prenatal.cz\/index.php\/kucerova\/","title":{"rendered":"kucerova"},"content":{"rendered":"\t\t<div data-elementor-type=\"wp-page\" data-elementor-id=\"1215\" class=\"elementor elementor-1215\">\n\t\t\t\t<div class=\"elementor-element elementor-element-463567e e-flex e-con-boxed e-con e-parent\" data-id=\"463567e\" data-element_type=\"container\" data-e-type=\"container\">\n\t\t\t\t\t<div class=\"e-con-inner\">\n\t\t\t\t<div class=\"elementor-element elementor-element-26ec15d elementor-widget elementor-widget-spacer\" data-id=\"26ec15d\" data-element_type=\"widget\" data-e-type=\"widget\" data-widget_type=\"spacer.default\">\n\t\t\t\t<div class=\"elementor-widget-container\">\n\t\t\t\t\t\t\t<div class=\"elementor-spacer\">\n\t\t\t<div class=\"elementor-spacer-inner\"><\/div>\n\t\t<\/div>\n\t\t\t\t\t\t<\/div>\n\t\t\t\t<\/div>\n\t\t\t\t<div class=\"elementor-element elementor-element-51aecc6 elementor-widget elementor-widget-spacer\" data-id=\"51aecc6\" data-element_type=\"widget\" data-e-type=\"widget\" data-widget_type=\"spacer.default\">\n\t\t\t\t<div class=\"elementor-widget-container\">\n\t\t\t\t\t\t\t<div class=\"elementor-spacer\">\n\t\t\t<div class=\"elementor-spacer-inner\"><\/div>\n\t\t<\/div>\n\t\t\t\t\t\t<\/div>\n\t\t\t\t<\/div>\n\t\t\t\t<div class=\"elementor-element elementor-element-fe7beb1 elementor-widget elementor-widget-spacer\" data-id=\"fe7beb1\" data-element_type=\"widget\" data-e-type=\"widget\" data-widget_type=\"spacer.default\">\n\t\t\t\t<div class=\"elementor-widget-container\">\n\t\t\t\t\t\t\t<div class=\"elementor-spacer\">\n\t\t\t<div class=\"elementor-spacer-inner\"><\/div>\n\t\t<\/div>\n\t\t\t\t\t\t<\/div>\n\t\t\t\t<\/div>\n\t\t\t\t<div class=\"elementor-element elementor-element-6cbca38 elementor-widget elementor-widget-heading\" data-id=\"6cbca38\" data-element_type=\"widget\" data-e-type=\"widget\" data-widget_type=\"heading.default\">\n\t\t\t\t<div class=\"elementor-widget-container\">\n\t\t\t\t\t<h2 class=\"elementor-heading-title elementor-size-default\">MUDr. Lucie Ku\u010derov\u00e1<\/h2>\t\t\t\t<\/div>\n\t\t\t\t<\/div>\n\t\t\t\t<div class=\"elementor-element elementor-element-c2ffb4a elementor-widget-divider--view-line elementor-widget elementor-widget-divider\" data-id=\"c2ffb4a\" data-element_type=\"widget\" data-e-type=\"widget\" data-widget_type=\"divider.default\">\n\t\t\t\t<div class=\"elementor-widget-container\">\n\t\t\t\t\t\t\t<div class=\"elementor-divider\">\n\t\t\t<span class=\"elementor-divider-separator\">\n\t\t\t\t\t\t<\/span>\n\t\t<\/div>\n\t\t\t\t\t\t<\/div>\n\t\t\t\t<\/div>\n\t\t\t\t<div class=\"elementor-element elementor-element-3fb61d2 elementor-widget elementor-widget-spacer\" data-id=\"3fb61d2\" data-element_type=\"widget\" data-e-type=\"widget\" data-widget_type=\"spacer.default\">\n\t\t\t\t<div class=\"elementor-widget-container\">\n\t\t\t\t\t\t\t<div class=\"elementor-spacer\">\n\t\t\t<div class=\"elementor-spacer-inner\"><\/div>\n\t\t<\/div>\n\t\t\t\t\t\t<\/div>\n\t\t\t\t<\/div>\n\t\t\t\t<div class=\"elementor-element elementor-element-8495b6f elementor-widget elementor-widget-text-editor\" data-id=\"8495b6f\" data-element_type=\"widget\" data-e-type=\"widget\" data-widget_type=\"text-editor.default\">\n\t\t\t\t<div class=\"elementor-widget-container\">\n\t\t\t\t\t\t\t\t\t<h2 style=\"text-align: center;\">MUDr. Lucie Ku\u010derov\u00e1 \u2013 l\u00e9ka\u0159ka \u2013\u00a0<a href=\"https:\/\/www.znojmo-prenatal.cz\/index.php\/centrum-gynekologicke-pece\/\">Gynekologick\u00e1 ambulance<\/a><\/h2>\t\t\t\t\t\t\t\t<\/div>\n\t\t\t\t<\/div>\n\t\t\t\t\t<\/div>\n\t\t\t\t<\/div>\n\t\t<div class=\"elementor-element elementor-element-8d92e13 e-flex e-con-boxed e-con e-parent\" data-id=\"8d92e13\" data-element_type=\"container\" data-e-type=\"container\">\n\t\t\t\t\t<div class=\"e-con-inner\">\n\t\t\t\t<div class=\"elementor-element elementor-element-cbfa85c elementor-widget__width-initial elementor-widget elementor-widget-image\" data-id=\"cbfa85c\" data-element_type=\"widget\" data-e-type=\"widget\" data-widget_type=\"image.default\">\n\t\t\t\t<div class=\"elementor-widget-container\">\n\t\t\t\t\t\t\t\t\t\t\t\t\t\t\t<img fetchpriority=\"high\" decoding=\"async\" width=\"768\" height=\"1024\" src=\"https:\/\/www.znojmo-prenatal.cz\/wp-content\/uploads\/2024\/12\/kucerova-1-768x1024.jpg\" class=\"attachment-large size-large wp-image-2177\" alt=\"\" srcset=\"https:\/\/www.znojmo-prenatal.cz\/wp-content\/uploads\/2024\/12\/kucerova-1-768x1024.jpg 768w, https:\/\/www.znojmo-prenatal.cz\/wp-content\/uploads\/2024\/12\/kucerova-1-225x300.jpg 225w, https:\/\/www.znojmo-prenatal.cz\/wp-content\/uploads\/2024\/12\/kucerova-1-1152x1536.jpg 1152w, https:\/\/www.znojmo-prenatal.cz\/wp-content\/uploads\/2024\/12\/kucerova-1-1536x2048.jpg 1536w, https:\/\/www.znojmo-prenatal.cz\/wp-content\/uploads\/2024\/12\/kucerova-1-scaled.jpg 1920w\" sizes=\"(max-width: 768px) 100vw, 768px\" \/>\t\t\t\t\t\t\t\t\t\t\t\t\t\t\t<\/div>\n\t\t\t\t<\/div>\n\t\t\t\t\t<\/div>\n\t\t\t\t<\/div>\n\t\t<div class=\"elementor-element elementor-element-0cbe317 e-flex e-con-boxed e-con e-parent\" data-id=\"0cbe317\" data-element_type=\"container\" data-e-type=\"container\">\n\t\t\t\t\t<div class=\"e-con-inner\">\n\t\t\t\t<div class=\"elementor-element elementor-element-79ec3b7 elementor-widget elementor-widget-text-editor\" data-id=\"79ec3b7\" data-element_type=\"widget\" data-e-type=\"widget\" data-widget_type=\"text-editor.default\">\n\t\t\t\t<div class=\"elementor-widget-container\">\n\t\t\t\t\t\t\t\t\t<h2 style=\"text-align: center;\">Vzd\u011bl\u00e1n\u00ed a p\u0159ehled odborn\u00e9 praxe:<\/h2><ul><li><span style=\"color: #000000;\">2001 \u2013 2007 L\u00e9ka\u0159sk\u00e1 fakulta Masarykovy univerzity v Brn\u011b obor V\u0161eobecn\u00e9 l\u00e9ka\u0159stv\u00ed<\/span><\/li><li><span style=\"color: #000000;\">2007 \u2013 dosud Gynekologicko-porodnick\u00e9 odd\u011blen\u00ed nemocnice Znojmo<\/span><\/li><li><span style=\"color: #000000;\">2012 \u2013 Specializovan\u00e1 zp\u016fsobilost v oboru gynekologie a porodnictv\u00ed<\/span><\/li><li><span style=\"color: #000000;\">2014 \u2013 Licence pro v\u00fdkon soukrom\u00e9 l\u00e9ka\u0159sk\u00e9 praxe<\/span><\/li><li><span style=\"color: #000000;\">2021 \u2013 2022 ambulantn\u00ed praxe v soukrom\u00e9 gynekologick\u00e9 ambulanci<\/span><\/li><li><span style=\"color: #000000;\">2022 \u2013 diplom celo\u017eivotn\u00edho vzd\u011bl\u00e1v\u00e1n\u00ed CLK<\/span><\/li><li><span style=\"color: #000000;\">2022 \u2013 licence \u010cLK pro v\u00fdkon funkce vedouc\u00edho l\u00e9ka\u0159e a prim\u00e1\u0159e v oboru gynekologie a porodnictv\u00ed<\/span><\/li><\/ul>\t\t\t\t\t\t\t\t<\/div>\n\t\t\t\t<\/div>\n\t\t\t\t\t<\/div>\n\t\t\t\t<\/div>\n\t\t\t\t<\/div>\n\t\t","protected":false},"excerpt":{"rendered":"<p>MUDr. Lucie Ku\u010derov\u00e1 MUDr. Lucie Ku\u010derov\u00e1 \u2013 l\u00e9ka\u0159ka \u2013\u00a0Gynekologick\u00e1 ambulance Vzd\u011bl\u00e1n\u00ed a p\u0159ehled odborn\u00e9 praxe: 2001 \u2013 2007 L\u00e9ka\u0159sk\u00e1 fakulta [&hellip;]<\/p>\n","protected":false},"author":4,"featured_media":0,"parent":0,"menu_order":0,"comment_status":"closed","ping_status":"closed","template":"","meta":{"site-sidebar-layout":"no-sidebar","site-content-layout":"","ast-site-content-layout":"full-width-container","site-content-style":"default","site-sidebar-style":"default","ast-global-header-display":"","ast-banner-title-visibility":"","ast-main-header-display":"","ast-hfb-above-header-display":"","ast-hfb-below-header-display":"","ast-hfb-mobile-header-display":"","site-post-title":"disabled","ast-breadcrumbs-content":"","ast-featured-img":"disabled","footer-sml-layout":"","theme-transparent-header-meta":"","adv-header-id-meta":"","stick-header-meta":"","header-above-stick-meta":"","header-main-stick-meta":"","header-below-stick-meta":"","astra-migrate-meta-layouts":"default","ast-page-background-enabled":"default","ast-page-background-meta":{"desktop":{"background-color":"var(--ast-global-color-4)","background-image":"","background-repeat":"repeat","background-position":"center center","background-size":"auto","background-attachment":"scroll","background-type":"","background-media":"","overlay-type":"","overlay-color":"","overlay-opacity":"","overlay-gradient":""},"tablet":{"background-color":"","background-image":"","background-repeat":"repeat","background-position":"center center","background-size":"auto","background-attachment":"scroll","background-type":"","background-media":"","overlay-type":"","overlay-color":"","overlay-opacity":"","overlay-gradient":""},"mobile":{"background-color":"","background-image":"","background-repeat":"repeat","background-position":"center center","background-size":"auto","background-attachment":"scroll","background-type":"","background-media":"","overlay-type":"","overlay-color":"","overlay-opacity":"","overlay-gradient":""}},"ast-content-background-meta":{"desktop":{"background-color":"var(--ast-global-color-5)","background-image":"","background-repeat":"repeat","background-position":"center center","background-size":"auto","background-attachment":"scroll","background-type":"","background-media":"","overlay-type":"","overlay-color":"","overlay-opacity":"","overlay-gradient":""},"tablet":{"background-color":"var(--ast-global-color-5)","background-image":"","background-repeat":"repeat","background-position":"center center","background-size":"auto","background-attachment":"scroll","background-type":"","background-media":"","overlay-type":"","overlay-color":"","overlay-opacity":"","overlay-gradient":""},"mobile":{"background-color":"var(--ast-global-color-5)","background-image":"","background-repeat":"repeat","background-position":"center center","background-size":"auto","background-attachment":"scroll","background-type":"","background-media":"","overlay-type":"","overlay-color":"","overlay-opacity":"","overlay-gradient":""}},"footnotes":""},"class_list":["post-1215","page","type-page","status-publish","hentry"],"_links":{"self":[{"href":"https:\/\/www.znojmo-prenatal.cz\/index.php\/wp-json\/wp\/v2\/pages\/1215","targetHints":{"allow":["GET"]}}],"collection":[{"href":"https:\/\/www.znojmo-prenatal.cz\/index.php\/wp-json\/wp\/v2\/pages"}],"about":[{"href":"https:\/\/www.znojmo-prenatal.cz\/index.php\/wp-json\/wp\/v2\/types\/page"}],"author":[{"embeddable":true,"href":"https:\/\/www.znojmo-prenatal.cz\/index.php\/wp-json\/wp\/v2\/users\/4"}],"replies":[{"embeddable":true,"href":"https:\/\/www.znojmo-prenatal.cz\/index.php\/wp-json\/wp\/v2\/comments?post=1215"}],"version-history":[{"count":16,"href":"https:\/\/www.znojmo-prenatal.cz\/index.php\/wp-json\/wp\/v2\/pages\/1215\/revisions"}],"predecessor-version":[{"id":2320,"href":"https:\/\/www.znojmo-prenatal.cz\/index.php\/wp-json\/wp\/v2\/pages\/1215\/revisions\/2320"}],"wp:attachment":[{"href":"https:\/\/www.znojmo-prenatal.cz\/index.php\/wp-json\/wp\/v2\/media?parent=1215"}],"curies":[{"name":"wp","href":"https:\/\/api.w.org\/{rel}","templated":true}]}}